 w(n) = -n**3 + 10*n**2 - 5*n - 19. What is the remainder when d is divided by w(9)?
12
Let r = -4708 + 4742. Calculate the remainder when 1047 is divided by r.
27
Suppose 4*i - 3*u + 22 = 0, -4*u - 4 = 2*i - 2*u. Let r be (-41)/i + (4 - 52/16). Suppose 3*c - r = 31. What is the remainder when 24 is divided by c?
10
Let m = 10340 + -10331. Suppose -4*z = 3*r - 240, -2*z + z + 60 = -5*r. What is the remainder when z is divided by m?
6
Let v(y) = -36*y - 21. Let z = 146 - 148. Calculate the remainder when v(z) is divided by 8.
3
Suppose -2*l - 23*l = -150. Calculate the remainder when ((-4)/l)/((-2)/102 - 0) is divided by 6.
4
Let j(o) = 8*o**3 + 6*o**2 + 3*o - 1. What is the remainder when 1213 is divided by j(1)?
13
Suppose -68*f + 25*f = -146759. What is the remainder when f is divided by 14?
11
Let j(s) = -44*s**3 - 24*s**2 - 8*s - 115. Calculate the remainder when j(-5) is divided by 34.
31
Let m(x) = 6*x + 1. Let r(u) = -19*u - 4. Let z(i) = -17*m(i) - 6*r(i). What is the remainder when z(6) is divided by 14?
9
Suppose b - 852 = 2*j, 844 = -2*j + 4*b - b. Let i = j + 466. What is the remainder when 55 is divided by i?
17
Let k be (-12)/(-8)*(-2 + 490/15). Suppose -k*z + 105 = -39*z. Suppose t - 315 = -2*t + r, 6 = -2*r. What is the remainder when t is divided by z?
14
Suppose 0 = 48*m + 3*m - 78091 - 3815. What is the remainder when m is divided by 5?
1
Suppose 0 = -2*x - 2*o - 436, 11*x + 682 = 8*x + 4*o. Let v = x + 251. Calculate the remainder when 55 is divided by v.
26
Suppose -5*t - 93*q = -95*q - 27, -3*t = 4*q - 37. Calculate the remainder when 4548 is divided by t.
5
Let v(g) = g**3 - 23*g**2 - 108*g + 105. Calculate the remainder when v(27) is divided by 70.
35
Let f = 11657 - 11538. What is the remainder when 206 is divided by f?
87
Suppose -193*s + 1352 = -185*s. Calculate the remainder when s is divided by (-1281)/(-15) + ((-8)/(-5) - 1).
83
Let k(m) = -6*m**2 - m**3 + 6*m**2 + 28*m**2 - 29*m + 90 - 21. Calculate the remainder when 58 is divided by k(27).
13
Let l = 1080 + -659. Suppose 2*k + x - 272 = 0, -10*k + 7*k + 5*x + l = 0. What is the remainder when k is divided by 51?
35
Let f = 20986 + -20846. Calculate the remainder when 613 is divided by f.
53
What is the remainder when (764/24)/((-1)/(-282)) is divided by 41?
39
Let j be 6/(68/(-76) + 1). Suppose -2*o + 3*o - 3*y - 24 = 0, 2*o = -3*y + j. What is the remainder when (-2)/((-16)/(-56))*1*-11 is divided by o?
23
Let n(o) = -o**2 + 6*o + 27. Let i be n(-3). Suppose i = -7*w + 30 + 47. Calculate the remainder when 16 is divided by w.
5
Suppose -8*q + 5 = -27. Suppose y + 195 = q*p - 25, 0 = -2*y. What is the remainder when 83 is divided by p?
28
What is the remainder when 3582 is divided by 5/15 - 139282/(-78)?
10
Let p(g) = g**2 - 139*g + 1788. Calculate the remainder when 891 is divided by p(14).
17
Let v = 126 - -102. Let q = v + -204. Suppose 2*j - 3 = -0*j + 3*w, -2*j = 2*w - 28. What is the remainder when q is divided by j?
6
What is the remainder when 177 is divided by -2 - (-3 - (-630)/(-18 + 9))?
35
Let s(l) = -2*l**2 - 230*l - 1075. What is the remainder when 115 is divided by s(-5)?
15
Let b = 3 + -4. Suppose 4*r - 279 + 59 = -4*c, -r = 4*c - 79. What is the remainder when r is divided by b/2 + (-162)/(-12)?
8
Suppose -4*x = 5*f - 155, -4*f = -x - 0*x - 103. Suppose -126*s - 550 = -128*s. Let n = s + -268. Calculate the remainder when f is divided by n.
6
Suppose -2*v + 29 + 41 = -4*d, 4*v - 3*d = 145. Calculate the remainder when 83 is divided by v.
9
Suppose 56*a - 63*a = -546. Let o = 87 - a. Calculate the remainder when 52 is divided by o.
7
Let v be (-12 - -28)/((2/(-1))/(-2)). What is the remainder when (-22)/5*(-280)/v is divided by 13?
12
Let n = -223 - -377. Let q = n - 142. Calculate the remainder when q is divided by (-8)/20*1*-15.
0
Let t(z) = -4*z + 245. What is the remainder when t(33) is divided by 46?
21
What is the remainder when 6465 is divided by (-2248)/(-16) + (-561)/66?
129
Suppose 232*n - 230*n - 211 = 3*x, 0 = -5*n - 5*x + 490. What is the remainder when 1413 is divided by n?
100
Let i = 367 + -299. Suppose 0 = -26*g + i*g - 4788. Calculate the remainder when g is divided by 4.
2
Suppose 30*o + 14*o - 53724 = 0. Calculate the remainder when o is divided by 110.
11
Calculate the remainder when 1233 is divided by -8 + 5913/(-4 - -31).
178
Let t(s) = -s**2 - 42*s + 220 - 163 + 18*s. What is the remainder when 133 is divided by t(-25)?
5
Let i = -10549 + 10564. Suppose 3*s - 77 = -2*t, 2*s = 6*s + 3*t - 104. Calculate the remainder when s is divided by i.
8
Let y(r) = -2*r**3 - 14*r**2 - 3*r - 13. Let t be y(-7). Suppose -t*i = -13 - 155. Suppose -3*n = n - 160. What is the remainder when n is divided by i?
19
Calculate the remainder when ((-5)/(-10))/(8/(4517 + 11)) is divided by 116.
51
Let h = 93 + -89. Suppose 0 = -q - 2, -2*q + 98 = h*n + q. Calculate the remainder when n is divided by 25.
1
Suppose -5*n + 1979 = -1021. Let x = n + -464. What is the remainder when x is divided by 36?
28
Let x = -73 + 104. Suppose 20*r - 292 + 156 - 364 = 0. What is the remainder when x is divided by r?
6
Let w(k) = -3*k - 14. Let s be w(-9). Suppose -s*o + 2*o = -242. What is the remainder when 42 is divided by o?
20
Suppose 3*s + s = 0. Suppose s = 7*x - 0*x - 532. Suppose 34*u = 38*u - x. What is the remainder when 37 is divided by u?
18
Suppose 3*v - 166 = -5*m, 15*m - 121 = -3*v + 19*m. Calculate the remainder when 184 is divided by v.
43
Let j = 16444 + -16433. What is the remainder when 1418 is divided by j?
10
Suppose -480 = -12*w - 156. Calculate the remainder when 27 is divided by w.
0
Suppose 29*i = 34*i - 3*h - 81, -i + 4*h = -6. Suppose 35 = 5*y - 4*o, 2*o - 7 = -y - o. What is the remainder when i is divided by y?
4
Calculate the remainder when 1/(500/(-40)) + (-93652)/(-25) is divided by 134.
128
Suppose 0*w = 6*w - 2*w. Suppose w = 7*a - 3*a - 476. Calculate the remainder when a is divided by 60.
59
Suppose 3*j + 3*z = 0, -4*z - 45 = -29. Suppose 244 = -j*q + 460. What is the remainder when q is divided by 11?
10
Let g(d) = -8*d - 16. Let x(w) = -4*w + 2*w + 82 - 102 + 17*w. Calculate the remainder when g(-8) is divided by x(3).
23
Let b be 46 - (-1 - -4 - -1). Let w = b + -44. Calculate the remainder when 11 is divided by (10/4)/(0 + (-1)/w).
1
Suppose 82 + 989 = 2*h - 3*d, 5*h - 2705 = 2*d. What is the remainder when h is divided by 69?
60
What is the remainder when 431 is divided by (43/(-43))/(53/145 - (-14)/(-35))?
25
Let i(z) = 2*z**3 - 214*z**2 + 201*z + 1434. What is the remainder when 1338 is divided by i(106)?
266
Suppose -p - 4*y = 3, -5*p + 2*y + 9 = -4*p. Suppose 240 + 260 = p*a. What is the remainder when 307 is divided by a?
7
What is the remainder when 541 is divided by 6325/460 - (-1 + (-6)/(-8))?
9
Let c = -426 - -545. Suppose 3*i = 5*v - c, -4 = v + 5*i - 39. What is the remainder when 95 is divided by v?
20
Let n(r) = -7*r**2 + 247*r - 33. What is the remainder when n(33) is divided by 114?
39
Let z(w) = 52*w + 890. Calculate the remainder when 612 is divided by z(-13).
184
Suppose -4*p - 21 = -3*v - 1063, 1304 = 5*p - 3*v. What is the remainder when 1301 is divided by p?
253
Suppose -57 = -6*u + 3*u. Suppose -4*p = 3*g + 825, 62 + 347 = -2*p - 5*g. Let m = 229 + p. Calculate the remainder when m is divided by u.
3
Let d = 1381 - 1370. Suppose -4*h + 94 + 98 = 0. What is the remainder when h is divided by d?
4
What is the remainder when ((-153)/2)/((-3)/4) is divided by 2*-2*3*(-21)/((-3696)/(-220))?
12
Let p = 413 - 293. What is the remainder when 117 is divided by (p/(-6))/(2/(-3))?
27
Suppose 0 = 58*l - 4568 + 1088. Calculate the remainder when 104 is divided by l.
44
Let n(o) = -8*o - 1. Let j be n(-4). Let h = j + -21. Let b = 71 + -13. What is the remainder when b is divided by h?
8
What is the remainder when (-32)/(-12)*-55*(3 - 15) is divided by 1758?
2
Suppose 2*w = -11 - 19. Suppose -656 = 98*t - 114*t. Let o = w + t. What is the remainder when o is divided by 4?
2
Suppose -1922 = 3*i + 2*s, -i - 2*i - 4*s - 1930 = 0. Let z = 650 + i. What is the remainder when 21 is divided by z?
9
Let d = -14 + 265. Suppose 59*n - v = 54*n + d, 4*n - 4*v - 204 = 0. Calculate the remainder when n is divided by 29.
2